{"id":261,"date":"2018-05-28T08:07:12","date_gmt":"2018-05-28T08:07:12","guid":{"rendered":"https:\/\/envothemes.com\/envo-multipurpose\/?page_id=2"},"modified":"2019-01-12T12:46:42","modified_gmt":"2019-01-12T12:46:42","slug":"ueber-uns","status":"publish","type":"page","link":"http:\/\/atf-productions.goldengel.ch\/page\/ueber-uns\/","title":{"rendered":"\u00dcber uns&#8230;"},"content":{"rendered":"<p>ATF steht f\u00fcr Alessandro und Timo Film Productions.<\/p>\n<p>Unsere Dienstleistungen umfassen im Wesentlichen; Fotografie aller Art, Videoproduktionen, Musikkompositionen, 3D-Animationen bis hin zu Applikationsentwicklung.<\/p>\n<p>Ob f\u00fcr Ihren privaten Gebrauch oder Ihren kommerziellen Erfolg, im Vordergrund stehen die damit verbundenen Emotionen und das einzige&nbsp; Limit ist nur unser aller Vorstellungskraft.<\/p>\n<p>Alessandro Zaniboni und Timo B\u00f6hme sind seit \u00fcber 25 Jahren die besten Freunde. Beide zeichnen sich durch Zuverl\u00e4ssigkeit und ein breit gef\u00e4chertes Fachwissen sowie ihren unersch\u00fctterlichen Drang etwas zu erschaffen was Freude bereitet aus.<\/p>\n<p>Und doch unterscheiden sie sich sehr.<\/p>\n<p>Wahrend Timo &#8222;das technische Genie&#8220; jede Schaltplatine und ihre&nbsp; Programmierung ergr\u00fcndet, und gleichzeitig bereits neue Wege ert\u00fcftelt um etwas neues zu erschaffen oder zu verbessern, ist Alessandro &#8222;der visuelle Perfektionist&#8220; von Natur aus begabt, Emotionen zu interpretieren und visuell oder musikalisch wiederzugeben. Er erkennt was der Kunde w\u00fcnscht, koordiniert die Abl\u00e4ufe und weiss wie man Erwartungen \u00fcbertrifft.<\/p>\n<p>Zusammen sind sie ein unschlagbares Team!<\/p>\n","protected":false},"excerpt":{"rendered":"<p>ATF steht f\u00fcr Alessandro und Timo Film Productions. Unsere Dienstleistungen umfassen im Wesentlichen; Fotografie aller Art, Videoproduktionen, Musikkompositionen, 3D-Animationen bis&hellip;<\/p>\n","protected":false},"author":1,"featured_media":0,"parent":0,"menu_order":0,"comment_status":"closed","ping_status":"open","template":"","meta":[],"_links":{"self":[{"href":"http:\/\/atf-productions.goldengel.ch\/page\/wp-json\/wp\/v2\/pages\/261"}],"collection":[{"href":"http:\/\/atf-productions.goldengel.ch\/page\/wp-json\/wp\/v2\/pages"}],"about":[{"href":"http:\/\/atf-productions.goldengel.ch\/page\/wp-json\/wp\/v2\/types\/page"}],"author":[{"embeddable":true,"href":"http:\/\/atf-productions.goldengel.ch\/page\/wp-json\/wp\/v2\/users\/1"}],"replies":[{"embeddable":true,"href":"http:\/\/atf-productions.goldengel.ch\/page\/wp-json\/wp\/v2\/comments?post=261"}],"version-history":[{"count":7,"href":"http:\/\/atf-productions.goldengel.ch\/page\/wp-json\/wp\/v2\/pages\/261\/revisions"}],"predecessor-version":[{"id":414,"href":"http:\/\/atf-productions.goldengel.ch\/page\/wp-json\/wp\/v2\/pages\/261\/revisions\/414"}],"wp:attachment":[{"href":"http:\/\/atf-productions.goldengel.ch\/page\/wp-json\/wp\/v2\/media?parent=261"}],"curies":[{"name":"wp","href":"https:\/\/api.w.org\/{rel}","templated":true}]}}